{"id":54,"date":"2021-05-06T13:57:32","date_gmt":"2021-05-06T12:57:32","guid":{"rendered":"http:\/\/liad-alger.fr\/etincelle-liadoise\/?page_id=54"},"modified":"2025-11-16T16:21:12","modified_gmt":"2025-11-16T15:21:12","slug":"art-liadois","status":"publish","type":"page","link":"https:\/\/www.liad-alger.fr\/etincelle-liadoise\/art-liadois\/","title":{"rendered":"Art"},"content":{"rendered":"<div class=\"vce-row-container\"><div class=\"vce-row vce-row--has-col-background vce-element--has-background vce-row--col-gap-30 vce-row-no-paddings vce-row-equal-height vce-row-content--top\" data-vce-full-width=\"true\" data-vce-stretch-content=\"true\" id=\"el-78905a6e\" data-vce-do-apply=\"all el-78905a6e\"><div class=\"vce-content-background-container\"><div class=\"vce-asset-background-simple-container vce-visible-all-only vce-asset-background-simple--style-cover vce-asset-background-simple--position-center-top\"><div class=\"vce-asset-background-simple\"><div class=\"vce-asset-background-simple-item\" style=\"background-image: url('http:\/\/liad-alger.fr\/etincelle-liadoise\/wp-content\/uploads\/2021\/05\/art.jpg');\"><\/div><\/div><\/div><\/div><div class=\"vce-row-content\" data-vce-element-content=\"true\"><div class=\"vce-col vce-element--has-background vce-col--md-auto vce-col--xs-1 vce-col--xs-last vce-col--xs-first vce-col--sm-last vce-col--sm-first vce-col--md-last vce-col--lg-last vce-col--xl-last vce-col--md-first vce-col--lg-first vce-col--xl-first\" id=\"el-7986a9e5\"><div class=\"vce-col-inner\" data-vce-do-apply=\"border margin background  el-7986a9e5\"><div class=\"vce-content-background-container\"><\/div><div class=\"vce-col-content\" data-vce-element-content=\"true\" data-vce-do-apply=\"padding el-7986a9e5\"><div class=\"vce-google-fonts-heading vce-google-fonts-heading--align-center vce-google-fonts-heading--color-b-255-255-255--45--5C00FF--FF7200 vce-google-fonts-heading--font-family-Ubuntu\"><div id=\"el-1d9a1e3b\" class=\"vce-google-fonts-heading-wrapper\"><div class=\"vce-google-fonts-heading--background vce\" data-vce-do-apply=\"border background  padding margin el-1d9a1e3b\"><h2 class=\"vce-google-fonts-heading-inner\" style=\"font-weight: 400; font-style: normal;\">Art<\/h2><\/div><\/div><\/div><\/div><\/div><\/div><\/div><\/div><\/div><div class=\"vce-row-container\" data-vce-boxed-width=\"true\"><div class=\"vce-row vce-row--col-gap-30 vce-row-equal-height vce-row-content--top\" id=\"el-3a58c1d6\" data-vce-do-apply=\"all el-3a58c1d6\"><div class=\"vce-content-background-container\"><\/div><div class=\"vce-row-content\" data-vce-element-content=\"true\"><div class=\"vce-col vce-col--md-auto vce-col--xs-1 vce-col--xs-last vce-col--xs-first vce-col--sm-last vce-col--sm-first vce-col--md-last vce-col--lg-last vce-col--xl-last vce-col--md-first vce-col--lg-first vce-col--xl-first\" id=\"el-f038db71\"><div class=\"vce-col-inner\" data-vce-do-apply=\"border margin background  el-f038db71\"><div class=\"vce-col-content\" data-vce-element-content=\"true\" data-vce-do-apply=\"padding el-f038db71\"><div class=\"vce-posts-grid-container vce-post-grid-with-hover-button-container\" style=\"--gapPx: 10px; --columns: 3; --paginationColor: #e2e2e2; --paginationActiveColor: #E0BAA0; --paginationHoverColor: #d6d6d6; --paginationActiveHoverColor: #d5b098;\"><div class=\"vce vce-posts-grid-wrapper\" id=\"el-c68701b1\" data-vce-do-apply=\"all el-c68701b1\"><div class=\"vce-posts-grid-list\"><div class=\"vce-posts-grid-item\"><div class=\"vce-post-description vce-post-description--full\" style=\"--authorColor:#393939;--buttonOverlayPaddingPx:8px;--dateColor:#D7DFE4;--imageOverlayBackground:#00000066;--titleColor:rgb(0, 97, 160);--excerptColor:#6A6A6A\"><a href=\"https:\/\/www.liad-alger.fr\/etincelle-liadoise\/rendez%e2%80%91les-bijoux-de-la-couronne-le-mystere-du-vol-au-louvre\/\" class=\"vce-post-grid-with-hover-button--link\" aria-label=\"\u00ab\u202fRendez\u2011les bijoux de la Couronne !\u202f\u00bb : le myst\u00e8re du vol au Louvre\"><\/a><div class=\"vce-post-grid-with-hover-button--image vce-post-grid-with-hover-button-aspect-ratio--4-3\" style=\"background-image:url(https:\/\/www.liad-alger.fr\/etincelle-liadoise\/wp-content\/uploads\/2026\/04\/IMG_3854.jpeg)\"><div class=\"vce-post-grid-with-hover-button--image-overlay vce-post-grid-with-hover-button--image-overlay-position-center-center\"><div class=\"vce-button--style-outline-container vce-button--style-outline-container--align-left\"><span class=\"vce-button--style-outline-wrapper vce\" id=\"el-d18bd875\" data-vce-do-apply=\"margin el-d18bd875\"><button class=\"vce-button vce-button--style-outline-animated vce-button--style-outline--border-square vce-button--style-outline--size-medium vce-button--style-outline-animated--color-fff--fff--3d3d3d vce-button--style-outline-animated--border-color-fff--3d3d3d vce-button--style-outline-animated--background-color-3d3d3d\" data-vce-do-apply=\"padding border background  el-d18bd875\"><span class=\"vce-button--style-outline-text\">Lire Plus <\/span><\/button><\/span><\/div><\/div><\/div><div class=\"vce-post-grid-with-hover-button-description vce-post-grid-with-hover-button-description-position--left\"><span class=\"vce-post-grid-with-hover-button-date\">2026-04-05 00:19:24<\/span><h3 class=\"vce-post-grid-with-hover-button-title\">\u00ab\u202fRendez\u2011les bijoux de la Couronne !\u202f\u00bb : le myst\u00e8re du vol au Louvre<\/h3><div class=\"vce-post-description--excerpt\"><p>Un casse digne d\u2019un film\u2026 et un effroi en plein jourDans la matin\u00e9e du 19 octobre 2025, alors que la foule visitait librement le mus\u00e9e du Louvre \u00e0 paris, un sc\u00e9nario d\u2019une audace hallucinante s\u2019est d\u00e9roul\u00e9. 4 individus cagoul\u00e9s, v\u00eatus de faux gilets jaunes(quelque peu comme des ouvriers), ont d\u00e9ploy\u00e9 un camion muni d\u2019une nacelle&hellip;<\/p>\n<\/div>\n<\/div><\/div><\/div><div class=\"vce-posts-grid-item\"><div class=\"vce-post-description vce-post-description--full\" style=\"--authorColor:#393939;--buttonOverlayPaddingPx:8px;--dateColor:#D7DFE4;--imageOverlayBackground:#00000066;--titleColor:rgb(0, 97, 160);--excerptColor:#6A6A6A\"><a href=\"https:\/\/www.liad-alger.fr\/etincelle-liadoise\/le-club-styliad\/\" class=\"vce-post-grid-with-hover-button--link\" aria-label=\"Le Club Sty'Liad !\"><\/a><div class=\"vce-post-grid-with-hover-button--image vce-post-grid-with-hover-button-aspect-ratio--4-3\" style=\"background-image:url(https:\/\/www.liad-alger.fr\/etincelle-liadoise\/wp-content\/uploads\/2024\/04\/ol.png)\"><div class=\"vce-post-grid-with-hover-button--image-overlay vce-post-grid-with-hover-button--image-overlay-position-center-center\"><div class=\"vce-button--style-outline-container vce-button--style-outline-container--align-left\"><span class=\"vce-button--style-outline-wrapper vce\" id=\"el-d18bd875\" data-vce-do-apply=\"margin el-d18bd875\"><button class=\"vce-button vce-button--style-outline-animated vce-button--style-outline--border-square vce-button--style-outline--size-medium vce-button--style-outline-animated--color-fff--fff--3d3d3d vce-button--style-outline-animated--border-color-fff--3d3d3d vce-button--style-outline-animated--background-color-3d3d3d\" data-vce-do-apply=\"padding border background  el-d18bd875\"><span class=\"vce-button--style-outline-text\">Lire Plus <\/span><\/button><\/span><\/div><\/div><\/div><div class=\"vce-post-grid-with-hover-button-description vce-post-grid-with-hover-button-description-position--left\"><span class=\"vce-post-grid-with-hover-button-date\">2024-04-20 22:06:20<\/span><h3 class=\"vce-post-grid-with-hover-button-title\">Le Club Sty'Liad !<\/h3><div class=\"vce-post-description--excerpt\"><p>&nbsp; &nbsp; &nbsp;Des beaux v\u00eatements de ma m\u00e8re, aux grands d\u00e9fil\u00e9s des plus talentueux\u2026 Depuis ma plus tendre enfance, la mode me passionne.&nbsp;&nbsp; &nbsp; &nbsp;C\u2019est de tout cet univers, de ces grands cr\u00e9ateurs et de leurs chef d\u2019\u0153uvres, de leurs mannequins, de leurs fashion shows toujours plus inventifs et cr\u00e9atifs les uns plus que les&hellip;<\/p>\n<\/div>\n<\/div><\/div><\/div><div class=\"vce-posts-grid-item\"><div class=\"vce-post-description vce-post-description--full\" style=\"--authorColor:#393939;--buttonOverlayPaddingPx:8px;--dateColor:#D7DFE4;--imageOverlayBackground:#00000066;--titleColor:rgb(0, 97, 160);--excerptColor:#6A6A6A\"><a href=\"https:\/\/www.liad-alger.fr\/etincelle-liadoise\/herwig\/\" class=\"vce-post-grid-with-hover-button--link\" aria-label=\"Herwig\"><\/a><div class=\"vce-post-grid-with-hover-button--image vce-post-grid-with-hover-button-aspect-ratio--4-3\" style=\"background-image:url(https:\/\/www.liad-alger.fr\/etincelle-liadoise\/wp-content\/uploads\/2024\/02\/1.png)\"><div class=\"vce-post-grid-with-hover-button--image-overlay vce-post-grid-with-hover-button--image-overlay-position-center-center\"><div class=\"vce-button--style-outline-container vce-button--style-outline-container--align-left\"><span class=\"vce-button--style-outline-wrapper vce\" id=\"el-d18bd875\" data-vce-do-apply=\"margin el-d18bd875\"><button class=\"vce-button vce-button--style-outline-animated vce-button--style-outline--border-square vce-button--style-outline--size-medium vce-button--style-outline-animated--color-fff--fff--3d3d3d vce-button--style-outline-animated--border-color-fff--3d3d3d vce-button--style-outline-animated--background-color-3d3d3d\" data-vce-do-apply=\"padding border background  el-d18bd875\"><span class=\"vce-button--style-outline-text\">Lire Plus <\/span><\/button><\/span><\/div><\/div><\/div><div class=\"vce-post-grid-with-hover-button-description vce-post-grid-with-hover-button-description-position--left\"><span class=\"vce-post-grid-with-hover-button-date\">2024-02-24 17:07:27<\/span><h3 class=\"vce-post-grid-with-hover-button-title\">Herwig<\/h3><div class=\"vce-post-description--excerpt\"><p>&nbsp; &nbsp; &nbsp; &nbsp; &nbsp; Qu\u2019il est joli, ce village fran\u00e7ais aux maisons grises. Et comme il a envie de s\u2019\u00e9tendre, Herwig, dans ces pr\u00e9s verts que surplombe son avion !Que de charmantes choses \u00e0 voir aux c\u00f4t\u00e9s des nuages ! Que de clochers, que d\u2019\u00e9glises qui lui rappellent celles de son enfance. Que de&hellip;<\/p>\n<\/div>\n<\/div><\/div><\/div><div class=\"vce-posts-grid-item\"><div class=\"vce-post-description vce-post-description--full\" style=\"--authorColor:#393939;--buttonOverlayPaddingPx:8px;--dateColor:#D7DFE4;--imageOverlayBackground:#00000066;--titleColor:rgb(0, 97, 160);--excerptColor:#6A6A6A\"><a href=\"https:\/\/www.liad-alger.fr\/etincelle-liadoise\/midsommar-et-heredite-le-cinema-complexe-dari-aster-2\/\" class=\"vce-post-grid-with-hover-button--link\" aria-label=\"Midsommar et H\u00e9r\u00e9dit\u00e9, le cin\u00e9ma complexe d\u2019Ari Aster\"><\/a><div class=\"vce-post-grid-with-hover-button--image vce-post-grid-with-hover-button-aspect-ratio--4-3\" style=\"background-image:url(https:\/\/www.liad-alger.fr\/etincelle-liadoise\/wp-content\/uploads\/2023\/10\/11.png)\"><div class=\"vce-post-grid-with-hover-button--image-overlay vce-post-grid-with-hover-button--image-overlay-position-center-center\"><div class=\"vce-button--style-outline-container vce-button--style-outline-container--align-left\"><span class=\"vce-button--style-outline-wrapper vce\" id=\"el-d18bd875\" data-vce-do-apply=\"margin el-d18bd875\"><button class=\"vce-button vce-button--style-outline-animated vce-button--style-outline--border-square vce-button--style-outline--size-medium vce-button--style-outline-animated--color-fff--fff--3d3d3d vce-button--style-outline-animated--border-color-fff--3d3d3d vce-button--style-outline-animated--background-color-3d3d3d\" data-vce-do-apply=\"padding border background  el-d18bd875\"><span class=\"vce-button--style-outline-text\">Lire Plus <\/span><\/button><\/span><\/div><\/div><\/div><div class=\"vce-post-grid-with-hover-button-description vce-post-grid-with-hover-button-description-position--left\"><span class=\"vce-post-grid-with-hover-button-date\">2023-10-06 13:35:33<\/span><h3 class=\"vce-post-grid-with-hover-button-title\">Midsommar et H\u00e9r\u00e9dit\u00e9, le cin\u00e9ma complexe d\u2019Ari Aster<\/h3><div class=\"vce-post-description--excerpt\"><p>Midsommar et H\u00e9r\u00e9dit\u00e9, le cin\u00e9ma complexe d\u2019Ari AsterH\u00e9r\u00e9dit\u00e9 (2018) et Midsommar (2019) demeurent aujourd\u2019hui, pour plusieurs critiques, les seuls films qui m\u00e9ritent le titre de successeurs de L\u2019exorciste&nbsp;. Mais, pourquoi\u202f? Et surtout comment ont-ils r\u00e9ussi \u00e0 r\u00e9volutionner le cin\u00e9ma d\u2019horreur malgr\u00e9 les nombreuses contributions &nbsp;de grands r\u00e9alisateurs de renom tels que James Wan ou Guillermo&hellip;<\/p>\n<\/div>\n<\/div><\/div><\/div><div class=\"vce-posts-grid-item\"><div class=\"vce-post-description vce-post-description--full\" style=\"--authorColor:#393939;--buttonOverlayPaddingPx:8px;--dateColor:#D7DFE4;--imageOverlayBackground:#00000066;--titleColor:rgb(0, 97, 160);--excerptColor:#6A6A6A\"><a href=\"https:\/\/www.liad-alger.fr\/etincelle-liadoise\/ode-a-nos-femmes-revolutionnaires\/\" class=\"vce-post-grid-with-hover-button--link\" aria-label=\"Ode \u00e0 nos femmes r\u00e9volutionnaires.\"><\/a><div class=\"vce-post-grid-with-hover-button--image vce-post-grid-with-hover-button-aspect-ratio--4-3\" style=\"background-image:url(https:\/\/www.liad-alger.fr\/etincelle-liadoise\/wp-content\/uploads\/2021\/11\/357D298A-9CDF-455F-872A-E4937DAA8295.jpg)\"><div class=\"vce-post-grid-with-hover-button--image-overlay vce-post-grid-with-hover-button--image-overlay-position-center-center\"><div class=\"vce-button--style-outline-container vce-button--style-outline-container--align-left\"><span class=\"vce-button--style-outline-wrapper vce\" id=\"el-d18bd875\" data-vce-do-apply=\"margin el-d18bd875\"><button class=\"vce-button vce-button--style-outline-animated vce-button--style-outline--border-square vce-button--style-outline--size-medium vce-button--style-outline-animated--color-fff--fff--3d3d3d vce-button--style-outline-animated--border-color-fff--3d3d3d vce-button--style-outline-animated--background-color-3d3d3d\" data-vce-do-apply=\"padding border background  el-d18bd875\"><span class=\"vce-button--style-outline-text\">Lire Plus <\/span><\/button><\/span><\/div><\/div><\/div><div class=\"vce-post-grid-with-hover-button-description vce-post-grid-with-hover-button-description-position--left\"><span class=\"vce-post-grid-with-hover-button-date\">2021-11-01 00:47:20<\/span><h3 class=\"vce-post-grid-with-hover-button-title\">Ode \u00e0 nos femmes r\u00e9volutionnaires.<\/h3><div class=\"vce-post-description--excerpt\"><p>Ode \u00e0 nos femmes r\u00e9volutionnaires &nbsp; &nbsp; &nbsp; C\u2019est le plus souvent seule le soir, le regard lev\u00e9 vers la lumi\u00e8re des astres que je repense \u00e0 toutes ces histoires et \u00e0 la beaut\u00e9 de tous leurs d\u00e9sastres. Ces d\u00e9sastres si fi\u00e8rement racont\u00e9s, ces d\u00e9sastres v\u00e9cus par nos guerri\u00e8res. Des guerri\u00e8res anim\u00e9es par ce d\u00e9sir&hellip;<\/p>\n<\/div>\n<\/div><\/div><\/div><div class=\"vce-posts-grid-item\"><div class=\"vce-post-description vce-post-description--full\" style=\"--authorColor:#393939;--buttonOverlayPaddingPx:8px;--dateColor:#D7DFE4;--imageOverlayBackground:#00000066;--titleColor:rgb(0, 97, 160);--excerptColor:#6A6A6A\"><a href=\"https:\/\/www.liad-alger.fr\/etincelle-liadoise\/ames-soeurs\/\" class=\"vce-post-grid-with-hover-button--link\" aria-label=\"Ames s\u0153urs\"><\/a><div class=\"vce-post-grid-with-hover-button--image vce-post-grid-with-hover-button-aspect-ratio--4-3\" style=\"background-image:url(https:\/\/www.liad-alger.fr\/etincelle-liadoise\/wp-content\/uploads\/2021\/07\/unnamed-3.jpg)\"><div class=\"vce-post-grid-with-hover-button--image-overlay vce-post-grid-with-hover-button--image-overlay-position-center-center\"><div class=\"vce-button--style-outline-container vce-button--style-outline-container--align-left\"><span class=\"vce-button--style-outline-wrapper vce\" id=\"el-d18bd875\" data-vce-do-apply=\"margin el-d18bd875\"><button class=\"vce-button vce-button--style-outline-animated vce-button--style-outline--border-square vce-button--style-outline--size-medium vce-button--style-outline-animated--color-fff--fff--3d3d3d vce-button--style-outline-animated--border-color-fff--3d3d3d vce-button--style-outline-animated--background-color-3d3d3d\" data-vce-do-apply=\"padding border background  el-d18bd875\"><span class=\"vce-button--style-outline-text\">Lire Plus <\/span><\/button><\/span><\/div><\/div><\/div><div class=\"vce-post-grid-with-hover-button-description vce-post-grid-with-hover-button-description-position--left\"><span class=\"vce-post-grid-with-hover-button-date\">2021-05-17 15:34:43<\/span><h3 class=\"vce-post-grid-with-hover-button-title\">Ames s\u0153urs<\/h3><div class=\"vce-post-description--excerpt\"><p>une apparition dans un jardin d\u2019eden deux silhouettes, deux \u00e2mes soeurs, jumelles, amies ou juste connaissances. Elles se ressemblent comme deux gouttes d\u2019eau et de leur royaume assez sym\u00e9trique elles semblent reines.<\/p>\n<\/div>\n<\/div><\/div><\/div><\/div><\/div><\/div><\/div><\/div><\/div><\/div><\/div><\/div><div class=\"vce-row-container\" data-vce-boxed-width=\"true\"><div class=\"vce-row vce-row--col-gap-30 vce-row-equal-height vce-row-content--top\" id=\"el-352151d5\" data-vce-do-apply=\"all el-352151d5\"><div class=\"vce-row-content\" data-vce-element-content=\"true\"><div class=\"vce-col vce-col--md-auto vce-col--xs-1 vce-col--xs-last vce-col--xs-first vce-col--sm-last vce-col--sm-first vce-col--md-last vce-col--lg-last vce-col--xl-last vce-col--md-first vce-col--lg-first vce-col--xl-first\" id=\"el-3f8b3040\"><div class=\"vce-col-inner\" data-vce-do-apply=\"border margin background  el-3f8b3040\"><div class=\"vce-col-content\" data-vce-element-content=\"true\" data-vce-do-apply=\"padding el-3f8b3040\"><div class=\"vcv-row-control-wrapper\"><\/div><\/div><\/div><\/div><\/div><\/div><\/div>\n","protected":false},"excerpt":{"rendered":"<p>Art<\/p>\n","protected":false},"author":1,"featured_media":0,"parent":0,"menu_order":0,"comment_status":"closed","ping_status":"closed","template":"","meta":{"_acf_changed":false,"footnotes":""},"class_list":["post-54","page","type-page","status-publish","hentry"],"acf":[],"_links":{"self":[{"href":"https:\/\/www.liad-alger.fr\/etincelle-liadoise\/wp-json\/wp\/v2\/pages\/54","targetHints":{"allow":["GET"]}}],"collection":[{"href":"https:\/\/www.liad-alger.fr\/etincelle-liadoise\/wp-json\/wp\/v2\/pages"}],"about":[{"href":"https:\/\/www.liad-alger.fr\/etincelle-liadoise\/wp-json\/wp\/v2\/types\/page"}],"author":[{"embeddable":true,"href":"https:\/\/www.liad-alger.fr\/etincelle-liadoise\/wp-json\/wp\/v2\/users\/1"}],"replies":[{"embeddable":true,"href":"https:\/\/www.liad-alger.fr\/etincelle-liadoise\/wp-json\/wp\/v2\/comments?post=54"}],"version-history":[{"count":10,"href":"https:\/\/www.liad-alger.fr\/etincelle-liadoise\/wp-json\/wp\/v2\/pages\/54\/revisions"}],"predecessor-version":[{"id":2176,"href":"https:\/\/www.liad-alger.fr\/etincelle-liadoise\/wp-json\/wp\/v2\/pages\/54\/revisions\/2176"}],"wp:attachment":[{"href":"https:\/\/www.liad-alger.fr\/etincelle-liadoise\/wp-json\/wp\/v2\/media?parent=54"}],"curies":[{"name":"wp","href":"https:\/\/api.w.org\/{rel}","templated":true}]}}